e number?
True
Is 1134161159 composite?
True
Is 2069348293 a prime number?
True
Is 6351951643 a prime number?
False
Is 1119735553 a composite number?
False
Is 29679970403 a composite number?
True
Is 22745257363 prime?
False
Is 2881693993 a prime number?
False
Is 17230899286 a composite number?
True
Is 4300617773 composite?
False
Is 1800239879 a composite number?
False
Is 1614193531 a composite number?
True
Is 84904973731 a composite number?
True
Is 15467451437 composite?
False
Is 18004097789 composite?
False
Is 351926051 prime?
False
Is 89185067 prime?
False
Is 10709526617 prime?
False
Is 593251943 composite?
False
Is 108984217 a composite number?
False
Is 27512322947 a composite number?
True
Is 3879782851 a composite number?
True
Is 82708519 a composite number?
True
Is 1420680823 prime?
False
Is 17364452555 prime?
False
Is 655680383 a composite number?
True
Is 875666999 a composite number?
False
Is 13714018333 a composite number?
False
Is 33044017 composite?
False
Is 6443928191 prime?
False
Is 1218416261 prime?
True
Is 22926877783 a prime number?
False
Is 126309341 prime?
True
Is 850465649 a prime number?
False
Is 18196508119 prime?
True
Is 2107827913 a prime number?
True
Is 1868493493 composite?
False
Is 65143090531 a prime number?
False
Is 30161825117 prime?
True
Is 1559075317 prime?
True
Is 2725759229 prime?
True
Is 9989773309 composite?
True
Is 30027069827 prime?
True
Is 2433683437 composite?
False
Is 429087989 composite?
True
Is 24925224019 composite?
False
Is 11015506529 prime?
True
Is 892415467 a composite number?
True
Is 15700568393 a composite number?
True
Is 29621024155 a prime number?
False
Is 529493561 a prime number?
False
Is 229748383 a prime number?
False
Is 74461141585 composite?
True
Is 51782062093 a composite number?
False
Is 2594714731 a composite number?
True
Is 3233841263 composite?
False
Is 17314837955 prime?
False
Is 1322907151 composite?
False
Is 3942917707 a composite number?
False
Is 5345544223 composite?
True
Is 36799787543 prime?
True
Is 7980046297 composite?
True
Is 45275858023 composite?
True
Is 4164102977 a prime number?
True
Is 97160306603 composite?
True
Is 24737065729 prime?
True
Is 288610541 a composite number?
True
Is 3071497699 a composite number?
True
Is 7810112197 composite?
True
Is 10797583847 prime?
False
Is 438037331 prime?
True
Is 60630574729 a prime number?
True
Is 3843006143 a prime number?
False
Is 2032691537 a composite number?
True
Is 138571060447 a composite number?
False
Is 707024819 composite?
False
Is 18336177673 composite?
True
Is 32678678141 a composite number?
False
Is 9505182179 a composite number?
False
Is 15132466409 composite?
False
Is 57365700211 prime?
False
Is 7391617503 a prime number?
False
Is 418517587 a prime number?
True
Is 378825269 prime?
True
Is 18804176971 a composite number?
False
Is 157671317 prime?
True
Is 2299326251 a prime number?
True
Is 5789371537 a prime number?
False
Is 1057338431 prime?
False
Is 2088382471 a prime number?
False
Is 1443193307 composite?
False
Is 1200044633 a prime number?
True
Is 3589162945 a composite number?
True
Is 218490913 prime?
False
Is 22243190033 composite?
False
Is 878836799 composite?
True
Is 31709231021 prime?
False
Is 1561353467 a prime number?
False
Is 66088655093 a prime number?
False
Is 588673643 prime?
True
Is 7088174747 prime?
True
Is 45209676289 a composite number?
True
Is 404199143 a composite number?
True
Is 450689651 composite?
False
Is 100920217 composite?
False
Is 32402886491 a composite number?
True
Is 10845815599 composite?
True
Is 18706285709 prime?
True
Is 499103859 composite?
True
Is 528905903 a composite number?
False
Is 1386703663 a composite number?
False
Is 33522893 a prime number?
False
Is 18053365123 a prime number?
True
Is 143290135 composite?
True
Is 61314265091 a composite number?
False
Is 14118639573 a prime number?
False
Is 5632831871 prime?
True
Is 94285883011 prime?
True
Is 169780573 a prime number?
False
Is 25706020337 composite?
False
Is 16380216221 composite?
False
Is 23594210611 a composite number?
False
Is 38394375443 composite?
True
Is 526263281 a prime number?
True
Is 15189709109 prime?
False
Is 151194415 prime?
False
Is 18782160379 a composite number?
False
Is 2419212209 a prime number?
False
Is 4836286501 a prime number?
False
Is 38389508053 composite?
True
Is 1948836605 composite?
True
Is 76999853 prime?
False
Is 31350164473 prime?
True
Is 171185593 a composite number?
False
Is 1436561131 composite?
True
Is 412262693 prime?
False
Is 854665367 a composite number?
False
Is 22931106851 composite?
False
Is 254377547 composite?
False
Is 48444111817 prime?
False
Is 1820157227 a composite number?
True
Is 650437003 a composite number?
True
Is 38085401603 a prime number?
True
Is 932371301 composite?
False
Is 89432711 a composite number?
False
Is 24804118301 composite?
False
Is 2109955583 a prime number?
True
Is 3305768717 prime?
False
Is 4078820191 prime?
False
Is 9096002519 prime?
True
Is 49845070895 prime?
False
Is 158888326307 prime?
False
Is 390974407 prime?
False
Is 17817497807 a prime number?
True
Is 1133021411 prime?
True
Is 1472430683 composite?
True
Is 1009647073 prime?
True
Is 1020807673 a prime number?
True
Is 19885525823 a prime number?
False
Is 8937926489 a composite number?
True
Is 2700902707 composite?
False
Is 3996003503 a prime number?
True
Is 14183201 a composite number?
False
Is 7311792053 prime?
False
Is 10474559779 prime?
True
Is 135426766309 prime?
True
Is 2453319305 a composite number?
True
Is 713841497 prime?
True
Is 856557439 prime?
False
Is 6821782139 composite?
False
Is 1902066919 prime?
False
Is 26049749273 a composite number?
True
Is 2583449699 prime?
True
Is 55566402401 a composite number?
False
Is 527838653 prime?
True
Is 3790749791 composite?
False
Is 13641141901 a prime number?
True
Is 2898879097 composite?
False
Is 656060501 a composite number?
False
Is 140938776967 a prime number?
False
Is 361483918 a prime number?
False
Is 155884783 a prime number?
True
Is 160736567 prime?
True
Is 7122745183 a prime number?
True
Is 844039213 a prime number?
False
Is 42400665913 a composite number?
True
Is 488624513 prime?
False
Is 886287929 a prime number?
True
Is 89468063 a composite number?
False
Is 156267141263 prime?
False
Is 12622318099 prime?
True
Is 3811018451 a composite number?
True
Is 842421637 a prime number?
True
Is 10965433 prime?
True
Is 10471649399 a prime number?
False
Is 116424817841 a prime number?
True
Is 209652923 a composite number?
False
Is 198897313 a composite number?
False
Is 1006847407 a composite number?
False
Is 10448586943 prime?
False
Is 25009049369 prime?
True
Is 2608381747 composite?
True
Is 35222294357 a prime number?
False
Is 263443877 a prime number?
True
Is 1770365039 a composite number?
True
Is 13123163 prime?
False
Is 122949620485 a prime number?
False
Is 6260683873 composite?
True
Is 217942909 composite?
True
Is 13342793351 prime?
True
Is 12638194711 composite?
False
Is 4162859447 prime?
False
Is 2795064799 a prime number?
True
Is 38845448767 prime?
True
Is 24651011233 a composite number?
True
Is 5180779517 prime?
False
Is 7735474841 a composite number?
False
Is 233220947 a prime number?
False
Is 312322343 composite?
True
Is 10366795199 a composite number?
False
Is 19954977711 a prime number?
False
Is 170677834373 composite?
True
Is 82924542983 composite?
False
Is 148826047 prime?
True
Is 201984371 a prime number?
True
Is 174721237 composite?
False
Is 6470840353 prime?
True
Is 8388322759 prime?
False
Is 2479284727 prime?
True
Is 1914043711 a composite number?
True
Is 75758790847 prime?
False
Is 930706619 composite?
True
Is 310757 a composite number?
True
Is 725088407 a composite number?
False
Is 196698881 composite?
True
Is 1071213599 composite?
False
Is 3261705899 a prime number?
True
Is 2546975797 prime?
False
Is 29770206121 prime?
False
Is 2586819539 a composite number?
True
Is 460116131 a composite number?
False
Is 5964635443 composite?
True
Is 6276743351 a prime number?
True
Is 60819668103 composite?
True
Is 1177635517 a prime number?
True
Is 5362925657 a composite number?
True
Is 6396221323 a composite number?
True
Is 17108593685 prime?
False
Is 5587825181 composite?
True
Is 10548400279 a prime number?
True
Is 15449509793 a prime number?